92790.
2, 5, 59, 5581
What are the prime factors of 27063021?
3, 37, 479, 509
List the prime factors of 246567.
3, 82189
List the prime factors of 1170176.
2, 7, 653
List the prime factors of 151342.
2, 31, 2441
What are the prime factors of 392715?
3, 5, 2909
List the prime factors of 1907385.
3, 5, 101, 1259
List the prime factors of 403406.
2, 401, 503
List the prime factors of 135276.
2, 3, 11273
What are the prime factors of 115915?
5, 97, 239
List the prime factors of 549786.
2, 3, 91631
What are the prime factors of 95693?
13, 17, 433
List the prime factors of 5092345.
5, 113, 9013
List the prime factors of 281717.
281717
What are the prime factors of 3616558?
2, 11, 43, 3823
What are the prime factors of 997125?
3, 5, 2659
List the prime factors of 2096628.
2, 3, 379, 461
List the prime factors of 16790977.
7, 342673
List the prime factors of 566451.
3, 62939
What are the prime factors of 17804524?
2, 607, 7333
List the prime factors of 23004293.
13, 389, 4549
What are the prime factors of 4909384?
2, 613673
What are the prime factors of 18150986?
2, 7, 1296499
List the prime factors of 31251582.
2, 3, 379, 509
What are the prime factors of 1664874?
2, 3, 43, 239
What are the prime factors of 7671621?
3, 71, 36017
List the prime factors of 54550.
2, 5, 1091
What are the prime factors of 192066?
2, 3, 7, 17, 269
List the prime factors of 3631784.
2, 13, 47, 743
List the prime factors of 100567.
19, 67, 79
List the prime factors of 28080.
2, 3, 5, 13
List the prime factors of 3434088.
2, 3, 7, 20441
List the prime factors of 3816037.
71, 757
What are the prime factors of 223613?
13, 103, 167
What are the prime factors of 19173868?
2, 7, 691, 991
List the prime factors of 58914.
2, 3, 1091
What are the prime factors of 213996?
2, 3, 17, 1049
List the prime factors of 1675215.
3, 5, 12409
List the prime factors of 533830.
2, 5, 11, 23, 211
List the prime factors of 3532631.
3532631
What are the prime factors of 545198?
2, 101, 2699
What are the prime factors of 4287919?
4287919
List the prime factors of 25593456.
2, 3, 7, 19, 211
List the prime factors of 2522258.
2, 1123
What are the prime factors of 3264023?
7, 239, 1951
List the prime factors of 10565702.
2, 7, 43, 17551
What are the prime factors of 7621327?
7, 1088761
List the prime factors of 375187.
53, 7079
List the prime factors of 1141099.
23, 49613
What are the prime factors of 99356?
2, 59, 421
List the prime factors of 547478.
2, 273739
List the prime factors of 1090340.
2, 5, 54517
What are the prime factors of 4995000?
2, 3, 5, 37
What are the prime factors of 15662047?
397, 39451
List the prime factors of 489527.
491, 997
What are the prime factors of 537418?
2, 7, 23, 1669
List the prime factors of 29091360.
2, 3, 5, 60607
List the prime factors of 5003475.
3, 5, 66713
What are the prime factors of 5856243?
3, 109, 17909
List the prime factors of 10326821.
10326821
List the prime factors of 212249.
19, 11171
What are the prime factors of 49464?
2, 3, 229
List the prime factors of 1177250.
2, 5, 17, 277
List the prime factors of 1819552.
2, 7, 8123
What are the prime factors of 392413?
7, 61, 919
What are the prime factors of 5339199?
3, 89, 19997
List the prime factors of 2780479.
13, 19, 11257
List the prime factors of 363867.
3, 7, 17327
What are the prime factors of 191302?
2, 95651
What are the prime factors of 3248841?
3, 29, 107, 349
What are the prime factors of 949209?
3, 316403
What are the prime factors of 2797172?
2, 7, 283, 353
List the prime factors of 817283.
47, 17389
What are the prime factors of 325295?
5, 17, 43, 89
What are the prime factors of 155231?
155231
What are the prime factors of 539706?
2, 3, 293, 307
What are the prime factors of 854888?
2, 106861
What are the prime factors of 4667874?
2, 3, 777979
List the prime factors of 3274712.
2, 7, 58477
What are the prime factors of 563135?
5, 41, 67
List the prime factors of 1152858.
2, 3, 7, 27449
List the prime factors of 3391588.
2, 277, 3061
List the prime factors of 1404735.
3, 5, 71, 1319
What are the prime factors of 5176074?
2, 3, 479, 1801
What are the prime factors of 233065?
5, 7, 6659
List the prime factors of 731732.
2, 182933
What are the prime factors of 2846863?
2846863
What are the prime factors of 986714?
2, 17, 29021
List the prime factors of 9937443.
3, 181, 18301
List the prime factors of 3015199.
11, 24919
List the prime factors of 703936.
2, 17, 647
List the prime factors of 198706.
2, 73, 1361
List the prime factors of 368218.
2, 31, 5939
List the prime factors of 29236223.
523, 55901
List the prime factors of 308725.
5, 53, 233
List the prime factors of 32575.
5, 1303
List the prime factors of 43286.
2, 23, 941
List the prime factors of 455499.
3, 11, 43, 107
What are the prime factors of 122673?
3, 103, 397
List the prime factors of 14523321.
3, 17, 223, 1277
List the prime factors of 4431070.
2, 5, 7, 9043
List the prime factors of 2023566.
2, 3, 337261
List the prime factors of 283292.
2, 70823
What are the prime factors of 2053868?
2, 463, 1109
List the prime factors of 35389173.
3, 11796391
List the prime factors of 1616214.
2, 3, 97, 2777
List the prime factors of 698105.
5, 17, 43, 191
List the prime factors of 89343.
3, 1103
List the prime factors of 754260.
2, 3, 5, 13, 967
List the prime factors of 10020816.
2, 3, 13, 53, 101
List the prime factors of 29059101.
3, 1076263
What are the prime factors of 125342?
2, 7, 1279
List the prime factors of 1703492.
2, 7, 83, 733
What are the prime factors of 1884313?
1884313
What are the prime factors of 2356935?
3, 5, 7, 22447
List the prime factors of 11730015.
3, 5, 11, 2633
List the prime factors of 27126.
2, 3, 11, 137
What are the prime factors of 16942475?
5, 11, 61609
List the prime factors of 2889943.
7, 412849
List the prime factors of 7260001.
7, 1037143
What are the prime factors of 24538?
2, 12269
What are the prime factors of 278998?
2, 199, 701
List the prime factors of 7372279.
47, 227, 691
List the prime factors of 147353.
147353
What are the prime factors of 417539?
31, 13469
List the prime factors of 201737.
67, 3011
What are the prime factors of 3460826?
2, 17, 101789
What are the prime factors of 1756911?
3, 13, 19, 2371
List the prime factors of 131286.
2, 3, 21881
What are the prime factors of 165209?
11, 23, 653
List the prime factors of 17724313.
53, 334421
What are the prime factors of 2115743?
7, 479, 631
List the prime factors of 92755.
5, 13, 1427
List the prime factors of 14124814.
2, 11, 58367
List the prime factors of 452599.
7, 19, 41, 83
What are the prime factors of 4456858?
2, 7, 318347
List the prime factors of 37833406.
2, 13, 41, 35491
What are the prime factors of 13457336?
2, 17, 53, 1867
List the prime factors of 6693891.
3, 2231297
List the prime factors of 204557.
204557
List the prime factors of 198671.
11, 18061
What are the prime factors of 283573?
283573
What are the prime factors of 207044?
2, 191, 271
List the prime factors of 954839.
17, 56167
List the prime factors of 1318762.
2, 137, 4813
What are the prime factors of 8104958?
2, 4052479
List the prime factors of 129128.
2, 16141
List the prime factors of 1295349.
3, 11, 17, 2309
What are the prime factors of 9096465?
3, 5, 7, 41, 2113
What are the prime factors of 868595?
5, 7, 13, 23, 83
What are the prime factors of 19593431?
11, 13, 181, 757
What are the prime factors of 714547?
83, 8609
What are the prime factors of 316004?
2, 13, 59, 103
What are the prime factors of 4437396?
2, 3, 181, 227
List the prime factors of 10664714.
2, 113, 47189
List the prime factors of 180845.
5, 7, 5167
What are the prime factors of 902806?
2, 587, 769
What are the prime factors of 289143?
3, 10709
List the prime factors of 231945.
3, 5, 7, 47
List the prime factors of 1220152.
2, 152519
List the prime factors of 7938964.
2, 11, 67, 2693
What are the prime factors of 3703751?
97, 38183
What are the prime factors of 9794100?
2, 3, 5, 32647
List the prime factors of 13399.
13399
List the prime factors of 85416.
2, 3, 3559
What are the prime factors of 2024550?
2, 3, 5, 11, 409
What are the prime factors of 8640261?
3, 7, 137147
What are the prime factors of 16885815?
3, 5, 1061
List the prime factors of 8153323.
139, 58657
List the prim